ded by 34620680.
4
Calculate the remainder when 9778415 is divided by 1616.
1615
Calculate the remainder when 6136174 is divided by 47.
42
Calculate the remainder when 6402002 is divided by 322.
320
Calculate the remainder when 4499335 is divided by 50554.
29
What is the remainder when 109311 is divided by 3129?
2925
What is the remainder when 8868 is divided by 274?
100
Calculate the remainder when 41760 is divided by 2961.
306
What is the remainder when 1308544 is divided by 881?
259
What is the remainder when 8819 is divided by 198?
107
What is the remainder when 5780459 is divided by 309?
305
Calculate the remainder when 4104416 is divided by 293166.
92
What is the remainder when 4140306 is divided by 553?
548
What is the remainder when 40305 is divided by 619?
70
Calculate the remainder when 5726166 is divided by 192.
150
What is the remainder when 8282142 is divided by 73?
0
What is the remainder when 1866385 is divided by 722?
15
What is the remainder when 2055442 is divided by 942?
940
Calculate the remainder when 15075570 is divided by 38.
20
Calculate the remainder when 513379 is divided by 1159.
1101
Calculate the remainder when 168183 is divided by 210.
183
Calculate the remainder when 216917395 is divided by 3142.
3141
What is the remainder when 2577540 is divided by 2577539?
1
Calculate the remainder when 797665 is divided by 6331.
6290
Calculate the remainder when 281205 is divided by 4077.
3969
Calculate the remainder when 4619 is divided by 1525.
44
Calculate the remainder when 384847 is divided by 48053.
423
What is the remainder when 1742071 is divided by 124?
119
Calculate the remainder when 181316 is divided by 641.
554
What is the remainder when 2019245 is divided by 526?
457
Calculate the remainder when 1005123 is divided by 1005060.
63
Calculate the remainder when 4980825 is divided by 70.
45
What is the remainder when 24404457 is divided by 26?
25
What is the remainder when 688573 is divided by 5062?
141
Calculate the remainder when 23475 is divided by 26.
23
What is the remainder when 1870202 is divided by 374040?
2
Calculate the remainder when 44762312 is divided by 41562.
38
What is the remainder when 39521 is divided by 4939?
9
What is the remainder when 17155 is divided by 323?
36
Calculate the remainder when 3567018 is divided by 2784.
714
What is the remainder when 112923 is divided by 28148?
331
Calculate the remainder when 1395183958 is divided by 18.
16
Calculate the remainder when 4836086 is divided by 190.
16
What is the remainder when 14920732 is divided by 196?
36
Calculate the remainder when 16547292 is divided by 552.
540
Calculate the remainder when 4984223 is divided by 2492027.
169
Calculate the remainder when 333925 is divided by 370.
185
What is the remainder when 1794496 is divided by 940?
36
What is the remainder when 173497 is divided by 43363?
45
What is the remainder when 3064870 is divided by 455?
445
Calculate the remainder when 364173 is divided by 2160.
1293
Calculate the remainder when 115283741 is divided by 16.
13
Calculate the remainder when 17628513 is divided by 17165.
58
Calculate the remainder when 73375061 is divided by 473.
463
Calculate the remainder when 14116799 is divided by 22.
15
What is the remainder when 3196846 is divided by 3996?
46
Calculate the remainder when 14487179 is divided by 44.
3
What is the remainder when 1657113 is divided by 241?
238
Calculate the remainder when 5409320 is divided by 2704656.
8
Calculate the remainder when 208273 is divided by 2313.
103
Calculate the remainder when 23237 is divided by 11275.
687
Calculate the remainder when 6492750 is divided by 2783.
11
Calculate the remainder when 20654649 is divided by 482.
467
Calculate the remainder when 1590652 is divided by 644.
616
Calculate the remainder when 607492449 is divided by 14.
11
What is the remainder when 12100272 is divided by 247?
236
Calculate the remainder when 440319 is divided by 1093.
933
What is the remainder when 175957 is divided by 373?
274
Calculate the remainder when 3754488 is divided by 315.
3
Calculate the remainder when 154882 is divided by 19229.
1050
What is the remainder when 469242 is divided by 93828?
102
Calculate the remainder when 62542 is divided by 1575.
1117
What is the remainder when 66319 is divided by 478?
355
Calculate the remainder when 149992974 is divided by 49997658.
0
What is the remainder when 125568 is divided by 25113?
3
What is the remainder when 6120835 is divided by 22?
17
Calculate the remainder when 359787 is divided by 119856.
219
What is the remainder when 17897 is divided by 738?
185
What is the remainder when 3074209 is divided by 24?
1
What is the remainder when 202860933 is divided by 2997?
2994
What is the remainder when 207242206 is divided by 51810551?
2
What is the remainder when 8571916 is divided by 40?
36
What is the remainder when 74440 is divided by 10132?
3516
Calculate the remainder when 146133 is divided by 210.
183
Calculate the remainder when 2320454 is divided by 4163.
1663
Calculate the remainder when 40164 is divided by 332.
324
Calculate the remainder when 6173899 is divided by 4138.
3
What is the remainder when 146083 is divided by 35840?
2723
Calculate the remainder when 98684 is divided by 372.
104
What is the remainder when 6887071 is divided by 20?
11
What is the remainder when 358909101 is divided by 71781820?
1
Calculate the remainder when 22230 is divided by 2364.
954
What is the remainder when 121903 is divided by 38?
37
Calculate the remainder when 4966651 is divided by 30.
1
What is the remainder when 214013 is divided by 2638?
335
Calculate the remainder when 1498688 is divided by 32.
0
What is the remainder when 8828329 is divided by 337?
277
Calculate the remainder when 120852 is divided by 29314.
3596
Calculate the remainder when 327994 is divided by 4.
2
Calculate the remainder when 86597 is divided by 1205.
1042
Calculate the remainder when 23803835 is divided by 29.
26
What is the remainder when 77550 is divided by 8616?
6
What is the remainder when 1897252 is divided by 2219?
7
Calculate the remainder when 24930 is divided by 620.
130
What is the remainder when 3336802 is divided by 1112196?
214
Calculate the remainder when 16785 is divided by 3176.
905
Calculate the remainder when 1747158 is divided by 1747140.
18
Calculate the remainder when 9480059 is divided by 180.
179
What is the remainder when 331690 is divided by 1813?
1724
What is the remainder when 6384691 is divided by 1596163?
39
What is the remainder when 6083095 is divided by 1010?
875
Calculate the remainder when 191200 is divided by 4549.
142
Calculate the remainder when 395879 is divided by 297.
275
Calculate the remainder when 104983 is divided by 34431.
1690
Calculate the remainder when 1695885 is divided by 847902.
81
Calculate the remainder when 403637142 is divided by 161.
160
Calculate the remainder when 3029688 is divided by 62.
58
Calculate the remainder when 8705392 is divided by 33.
25
Calculate the remainder when 12355 is divided by 11158.
1197
What is the remainder when 425608551 is divided by 85121709?
6
Calculate the remainder when 14064641 is divided by 39.
32
What is the remainder when 229492 is divided by 57340?
132
Calculate the remainder when 11277790 is divided by 520.
30
Calculate the remainder when 94856814 is divided by 41.
34
Calculate the remainder when 42084926 is divided by 531.
521
What is the remainder when 3348684 is divided by 523?
438
Calculate the remainder when 1004176 is divided by 230.
226
Calculate the remainder when 50414 is divided by 740.
94
What is the remainder when 40822 is divided by 292?
234
Calculate the remainder when 382680 is divided by 89.
69
Calculate the remainder when 107420309 is divided by 1719.
1718
What is the remainder when 1179591 is divided by 495?
6
Calculate the remainder when 1227764 is divided by 26122.
30
What is the remainder when 1755607 is divided by 1220?
27
What is the remainder when 157653 is divided by 208?
197
Calculate the remainder when 1649429 is divided by 549808.
5
Calculate the remainder when 83750 is divided by 78589.
5161
Calculate the remainder when 44990 is divided by 861.
218
What is the remainder when 2326980 is divided by 2603?
2501
Calculate th